= -26 - -99. Suppose t - 19 + 0 = 0. Calculate the remainder when d is divided by t.
16
Let v(w) = 6*w**2 + 2*w - 1. Let r = 17 + -10. Suppose -r = -2*q + 19. Calculate the remainder when q is divided by v(1).
6
Let n(o) = -o. Calculate the remainder when 38 is divided by n(-8).
6
Let j = 19 + -15. Suppose 290 = n + j*n. What is the remainder when n is divided by 12?
10
Suppose 1 + 1 = g. Calculate the remainder when 7 is divided by g.
1
Suppose -l + o + 13 = 0, -l = -4*o - 3 - 13. What is the remainder when 20 is divided by l?
8
Let t(z) = -z + 7. What is the remainder when 65 is divided by t(-4)?
10
Suppose 4*v - 11 = -5*l, 7*l - v - 10 = 4*l. Suppose -3*a = a + d - 112, l*a = 5*d + 61. What is the remainder when a is divided by 14?
13
Suppose r = 4*b - 125, 5*b - 208 = -4*r - 36. Suppose -4*s + 3*s = -2*a + 11, -5*s - 23 = -2*a. Calculate the remainder when b is divided by a + 5/(10/26).
15
Let p = 56 + -101. Let b = 80 + p. Calculate the remainder when b is divided by 12.
11
Suppose 41 = -4*m + 13. Let j = 84 + -161. Calculate the remainder when 25 is divided by j/m - (-2)/1.
12
Let v(l) = 5*l**2 + l + 1. Calculate the remainder when 90 is divided by v(2).
21
Suppose 2*s - 4*l + 3*l + 17 = 0, -15 = 2*s - 3*l. Let u = 38 - s. Calculate the remainder when u is divided by 12.
11
Let l(x) = 2*x**2 - 1. Calculate the remainder when 65 is divided by l(3).
14
Suppose -w - 50 = -6*w. Suppose l - w = 3*d, 4*l - 4*d + 2*d - 20 = 0. What is the remainder when 6 is divided by l?
2
Suppose j + 20 = 4*p + 52, p + 236 = 5*j. Calculate the remainder when j is divided by 10.
8
Let f = 7 + -4. Suppose 3 = -3*k - f. What is the remainder when 7 - -2*(k + 1) is divided by 3?
2
Let m be 4/(-6)*(-27)/(-9). What is the remainder when (-951)/(-15) + m/5 is divided by 22?
19
Let q(u) = 7*u - 5*u**2 - 1 - 3*u**2 - u**3 - 2*u. Calculate the remainder when q(-9) is divided by 18.
17
Suppose 14 = -2*k + 3*k. What is the remainder when 54 is divided by k?
12
Suppose 0*c + c + 10 = -2*n, 2*n + 10 = 4*c. Suppose c*j + j - 43 = 0. What is the remainder when j is divided by 23?
20
Let d = -4 - -16. Let p = d + -7. Calculate the remainder when 9 is divided by p.
4
Suppose -d + x = -3, -2*d - 3 = -2*x - 3*x. What is the remainder when 22 is divided by d?
4
Suppose u = -3*u + 2*z + 200, -3*u + 5*z = -157. Calculate the remainder when 25 is divided by (-5 + 2)*u/(-21).
4
What is the remainder when (87*-1)/(5/10 + -2) is divided by 15?
13
What is the remainder when 2/4*222 + (-4)/2 is divided by 28?
25
Let b = -4 - -13. Suppose -70 = -b*p + 4*p. Calculate the remainder when p is divided by 8.
6
Suppose 3*k + 5*r - 250 - 271 = 0, k = -5*r + 167. Suppose -k = -y - 2*y - 3*v, 2*v - 63 = -y. Calculate the remainder when y is divided by 29.
26
Let r = 138 + -110. What is the remainder when 306 is divided by r?
26
Let b(m) = m**2 + 1. Suppose 0 = 4*x + 2*p - 10, -4*x + 2*p = -2*x + 10. Let i be b(x). What is the remainder when 28 is divided by (10/3)/(i/3)?
8
Let i = 6 - -4. Calculate the remainder when 1 + (1 + 1)*13 is divided by i.
7
Let b(h) = h**3 - 2*h**2 + 2*h - 2. Let q be b(5). Let x = -54 + q. What is the remainder when x is divided by 15?
14
Let c = 5 - -13. What is the remainder when 50 is divided by c?
14
Let q(t) = -t**3 + 9*t**2 - 4*t + 1. What is the remainder when 96 is divided by q(8)?
30
Suppose 4*a - 20 = 0, a = 5*j + 2*a - 60. Let r = j - 3. What is the remainder when r is divided by 6?
2
Suppose 0 = -2*g - i - 11, -i = 4*g + 8 + 9. Let q be (-3)/(-4 + 1)*0. Calculate the remainder when 8 is divided by (-2 + 1 + q)*g.
2
Let p(m) = -m**2. Let j be ((-1)/2)/(8/(-96)). Let u be p(j). Let d = -23 - u. Calculate the remainder when 37 is divided by d.
11
Suppose -283*s = -282*s - 20. Let n = 137 - 59. What is the remainder when n is divided by s?
18
Let x = -3 + 2. Let h = -1 - x. Suppose -9 = -u - h. Calculate the remainder when u is divided by 5.
4
Let z = 132 + -95. Calculate the remainder when 72 is divided by z.
35
Suppose -3*r + 6 = -6. Let m be (-11)/9 - r/(-18). Calculate the remainder when (6/m)/(6/(-16)) is divided by 9.
7
What is the remainder when 1 + 1 + (48 - 2) is divided by 10?
8
Let q = -7 + 12. Let a(c) = 0 + 5*c + 3 + 3 + c**2 - 4*c. What is the remainder when a(q) is divided by 19?
17
Let f = 77 + -43. What is the remainder when f is divided by 9?
7
Suppose -2*l = 3*m - m - 114, l = 5*m - 261. Calculate the remainder when m is divided by 28.
25
Let b = -28 + 87. What is the remainder when b is divided by 21?
17
Let k = 149 + -143. What is the remainder when 18 is divided by k?
0
Suppose -4*k = -197 + 41. What is the remainder when k is divided by 20?
19
Let j(l) = -l - 3. Let x be j(-6). Suppose -3*k - 4*s + 5 + 17 = 0, -13 = -x*k + 5*s. Let b = -1 + k. What is the remainder when 8 is divided by b?
3
Suppose -3*n - 5*r = 3, 0*n + 4*r + 16 = n. What is the remainder when 13 is divided by 7*(3 + n/(-2))?
6
Suppose 7*o - 89 = 16. Let g(m) = 56*m**2 + 1. What is the remainder when g(1) is divided by o?
12
Let p(i) = 5*i**3 - i**2. Let b be p(1). Suppose 6*x - 3*x + 3*r - 3 = 0, 0 = -5*x + b*r + 50. Calculate the remainder when 10 is divided by x.
4
Let u = 39 - -179. What is the remainder when u is divided by 44?
42
Let p be 5/(-10)*8/(-2). Suppose 2*h + 4 = h. What is the remainder when 14 is divided by p/8 + (-31)/h?
6
Let q(o) = -o**3 + 11*o**2 + 11*o + 17. Let f be q(12). Suppose 42 + 63 = f*d. Calculate the remainder when 61 is divided by d.
19
Let g = 13 + -8. Let m = g - -1. Let f(i) = 2*i - 9. What is the remainder when 4 is divided by f(m)?
1
Let m(z) = -z**2 - z + 1. Let i be m(0). Calculate the remainder when 32 is divided by (2 + -1)*(i - -10).
10
Suppose -5*g - 6 + 21 = 0. Suppose 7*m - 74 + 25 = 0. Calculate the remainder when m is divided by g.
1
Suppose -4*x + 13 + 4 = 5*j, 3*j = -4*x + 15. Calculate the remainder when (-72)/(-90) + 51/5 is divided by x.
2
Suppose 2*o + 0 + 1 = 5*j, -3*o - 13 = 4*j. Let b = 4 + j. Suppose l - 2 - 3 = 0. What is the remainder when l is divided by b?
2
Suppose 2*j - 156 = -j. Let o = j - 32. What is the remainder when o is divided by 7?
6
Suppose -4*a = -7*a + 117. Calculate the remainder when a is divided by ((20 + 0)/(-1))/(-1).
19
Suppose -3*p = 4 - 55. Suppose -g = q - p, 4*g = -5*q + 68 - 5. What is the remainder when 87 is divided by g?
21
Calculate the remainder when 29 + (-3 - 1)/(-4) is divided by 11.
8
Let t = -162 + 227. Calculate the remainder when t is divided by 17.
14
Suppose v - c = -2*v - 10, 0 = v + 2*c + 1. Calculate the remainder when (v - -7) + (-2 - -2) is divided by 2.
0
Let r(k) = -6*k + 6. Let x be r(-6). Let h = -20 + x. What is the remainder when h is divided by 8?
6
Suppose 0 = b - u - 5, 0 = 4*b + 2*u - 25 - 7. Let x(l) = 4*l - 1. What is the remainder when x(b) is divided by 10?
7
Let y(b) = b**2 - 4*b + 4. Let h be y(3). What is the remainder when 81 is divided by (-123)/(-6) + h/2?
18
Let i(c) = -c**3 - 3*c**2 + 1. Let n be i(-1). What is the remainder when 55 - (-1 - -2)*n is divided by 19?
18
Suppose -6 + 55 = o. What is the remainder when o is divided by 15?
4
Calculate the remainder when 161 is divided by (-30)/25 - 423/(-15).
26
Suppose o + 4*o = -r + 197, 0 = -2*o - 4*r + 86. Let f be (15/(-6))/((-2)/(-4)). What is the remainder when o is divided by (3 + f)/(1/(-5))?
9
Let s(h) = -62*h**3 + h**2 + h - 1. Let j be s(1). Let k = -39 - j. What is the remainder when k is divided by -1*(-1)/(-1)*-12?
10
Suppose 0 = 3*n - n - 42. Calculate the remainder when 60 is divided by n.
18
Let i be -2 + (-3 - -1)*-2. Suppose -i + 10 = r. What is the remainder when 14 - (3 + -2) - -2 is divided by r?
7
What is the remainder when 1 - ((-1)/1 - -41)/(-1) is divided by 29?
12
Let f be 72/2 - (5 - 5). Suppose 2*r - t - f = -6*t, 2*t + 8 = 0. Calculate the remainder when r is divided by 15.
13
Let m be (-21)/(1 + 9/(-6)). Suppose 3*k = -12 + m. Let h = k - 2. Calculate the remainder when 23 is divided by h.
7
Suppose -4 = -3*i + i. Let x = i - -7. Calculate the remainder when x is divided by 3.
0
Let x(d) = 2*d**2 + 2*d - 5. What is the remainder when 35 is divided by x(-4)?
16
Suppose 2*v + 3*i - 277 = -2*v, 0 = -4*v + 5*i + 285. What is the remainder when v is divided by 9?
7
Let q(